 - -1) + (12 - 3))
-21
Calculate -24 - 13 - (135 - 168).
-4
Evaluate -2 + -16 + (8 + -2 - -2) - (-62 - 7).
59
What is -43 + (-40 - ((6 - 5) + 23))?
-107
What is -318 - (-63 + -242) - (-1 - (0 + -1) - 31)?
18
Calculate -62 + (6 + (-13 + 7 - 5) - (0 - 16)).
-51
What is the value of (7 - -5 - (3 + -23)) + -21?
11
Evaluate 0 + -6 - (-16 + 17 + -2 + -6 + -12).
13
78 + -41 + -52 + -2 + 6 - -54
43
(-20 - -11 - 13) + 11 + 66
55
30 + (-16 - (-16 - (3 - (19 + -4))))
18
Calculate 11960 + -11814 - (0 - -100).
46
25 - (-96 - -72 - (-3 + 0 - (1 + 10)))
35
Calculate -3 + -55 + (72 - 75).
-61
What is the value of (0 - (-1 + 3)) + (25 - (10 - -59))?
-46
Calculate (53 + -68 - -1 - (1 - 46)) + 5.
36
What is -9 - 46 - (-15 - (-3 + -18))?
-61
-32 + 24 + 13 + -56 + (1 - (13 - 2))
-61
Calculate -16 - (-1 - -12 - (-13 + 16 - 0)).
-24
Evaluate (1 - -7) + (-73 - (61 - 96)).
-30
What is -13 + (-2 + 18 - 10) + -5?
-12
(263 - 315) + (55 - 1) - (0 - 49)
51
Calculate -29 + (71 - (40 - -53)).
-51
What is the value of 1 - -140 - (5313 + -5312)?
140
What is -32 + (-12 + -17 - -17) + -11?
-55
Evaluate -11 - ((14 - 15) + -23) - (-17 + 6).
24
What is the value of 0 + -7 - (-5 - 4 - (12 - 19)) - 8?
-13
(34373 - 34417) + (9 - (1 - -1 - 2))
-35
What is the value of 0 + -6 - ((29 - 43) + 4 + 2 + 17)?
-15
Calculate -2 + -258 + (2428 - 2293).
-125
Calculate 9 + 2 + -2 + (46 - -47) + (-54 - -66).
114
What is 67 + 1 - (-8 + (-70 + 40 - -20))?
86
What is the value of 208 + -223 + (-17 - 1)?
-33
Calculate (-91 - -14) + (-28 - -79).
-26
What is the value of (-2 - (1 - 4)) + (14 - (-30 + (12 - -11)))?
22
89 + (54 - (88 + 13))
42
Evaluate -4 + (-33 + (-22 - -52) - (-15 - 0)) + -11.
-3
Evaluate -4 - 17 - (-997 - -1009).
-33
Calculate 11 - (9 + -7 + 18 + 9 + -11).
-7
Calculate (-59 - -63) + (-28 + 2 - (0 + -4 + 9)).
-27
What is the value of -21 - -82 - 71 - (2 + -1)?
-11
Evaluate -5 + 15 + (-15 - 2) - 15.
-22
What is 226 - 229 - ((-1 + 4 - 7) + 8 + -21)?
14
What is -34 + (45 - -8 - 11)?
8
Calculate 40 - (115 - -15 - 8).
-82
Evaluate -1 + -65 - (425 + -444).
-47
Calculate (184 - 67) + (-126 - -95).
86
Evaluate (0 - (-3 - -9 - 1)) + -51 - (42 + -33).
-65
-11 + -4 - ((-83 + 51 - -17) + (0 - -26))
-26
Evaluate -76 + 0 - (305 + -382).
1
17 + -118 + -91 + 148
-44
What is -49 - (-52 - (14 + -29))?
-12
106 + 116 + 38 + -353
-93
-9 - 15 - (18 + (11 - 66))
13
What is the value of 0 - -12 - ((2 - 1 - 7) + (7 - 0))?
11
What is the value of (-1 - -6) + -17 + (-9 - -35) - -2 - 74?
-58
What is the value of -9 - (-6 + (10 - 7) - (2 + -41))?
-45
What is 4949 - 4954 - (2 + -42)?
35
Calculate (1 - 11 - (6 + -13 + 14)) + 7 - -63.
53
-2 - 2 - -10 - ((23 - 45) + 3)
25
Evaluate 3 + -35 - (143 - (59 - -44)).
-72
What is the value of (33 - (-10 + 10) - -6) + -7?
32
What is the value of -68 - ((-9 - (8 - 22)) + -10 + 7 + -1)?
-69
What is (2 - (-30 + 10 + 5)) + -6 - 31?
-20
Evaluate -1 + 9 + -14 + -34 + 24 + -11.
-27
39 + (-105 + 23 - -63)
20
What is the value of (-61 - (1 - (-6 + 4))) + -10 + 32 + -13?
-55
Evaluate (5 + 7 - 8 - 7) + 1 + (38 - -13).
49
Evaluate -4 - (14 - -15) - -2 - -15.
-16
What is the value of -22 + (-5 - -32 - (54 + -78) - -13)?
42
16 - (7 + (127 - -3 - (-43 - (-64 - -34))))
-134
What is -31 - (-7 + (-3 - 2)) - 22?
-41
What is the value of 70 - (-48 + 1 + 39 - (-20 + -1))?
57
Calculate 2 - -30 - (4 + 8 + (5 - -7) + -21).
29
Evaluate 186 + -4 + -93 + -90.
-1
-44 + (-1 - 0) - (-4258 + 4244)
-31
What is the value of 17 + -69 + (36 - 16) + -11?
-43
What is (261 - 222) + (2 - (-4 - -2)) + -8 - -12?
47
Evaluate -6 + (3 - -13) + -17 + -21.
-28
Calculate -32 - (43 - (39 + 4)).
-32
Evaluate (758 - 769) + -3 + (15 - (2 - 3)).
2
Calculate (-133 - 2) + -29 + 183 + -146.
-127
Evaluate 0 + -2 + 6 - (-48 - (-2 - -17)).
67
What is 22 - 51 - (20 - 62)?
13
Evaluate 63 + -236 + 168 + (-2 - -1 - (72 + -2)).
-76
What is -40 + (106 - 50) - -43?
59
(33 - (57 + -39)) + -4 + -9
2
-53 + (-50 + (28 - -8) - -31)
-36
Calculate -11 - 28 - -22 - (-14 - 2).
-1
Calculate 15 - (-2 + 11 + 3) - (31 - -1).
-29
-37 + 2 - ((41 - (-10 + 25)) + -5 + -15)
-41
-65 + 14 + 144 + -128
-35
(-10 - -1) + (-12 - -14) + -3 + (-40 - 3)
-53
What is 127 - (-54 - -142) - 72?
-33
What is (2 - -2) + 18 + -32 + 35 + -11?
14
Evaluate 32 - (36 + 49 + -166 + 7).
106
-9 + -2 + (-9 - (-105 + -2 + (-5 - -5)))
87
Evaluate -37 + 6 - (250 + -262).
-19
Calculate -4 - 6 - -3 - -16 - (129 - 139).
19
Evaluate -34 - 2 - (-18 - (-56 + 37)).
-37
What is the value of (-2 - 1) + (-102 - (-77 + 40))?
-68
What is the value of (-5 - -55) + 13 - (-13 + 7 + -2)?
71
18 - 9 - 19 - (89 - 59)
-40
Calculate -5 + (-3 + 38 - 8).
22
Calculate (-101 - 16) + 94 + 33.
10
What is -8 + 0 - (-158 - -122) - (0 - -1)?
27
Evaluate 28 + (-7 - 2) - (-18 + 11 - 21).
47
What is (-4 - -7 - 8) + (308 + -134 - 148)?
21
What is -16 + (-14 - (-12 - -1)) + 15 - -13?
9
Calculate (110 - 103) + (-14 - -3 - -82).
78
Calculate 8 + (-2 - (7 + -7)) + 0 + -30 + 10.
-14
What is (89 - 144 - (14 - 52)) + 0 + 11?
-6
What is the value of -10 + (-15 - (20 + -15 - 73))?
43
Calculate (-7 + -2 - -18) + -3 + -40 + 3.
-31
What is 20 + 1 + -2 + 2213 + -2204?
28
What is the value of 75 + -83 + -7 + 60?
45
Calculate (-35 - -198) + -62 + -57.
44
Calculate 35 + (-46 + 11 - (-99 - -27)).
72
-5 + -7 - (-5 + (5 - 3) + -38)
29
Evaluate 61 - (15 + (14 - -25)).
7
What is (20 - 16) + (14 - 2) + -37?
-21
What is the value of -82 + (-15 + 15 + -4 - -8) - -11?
-67
What is (6 - 10) + (-2 + 2 - (4 - 2))?
-6
Evaluate 0 + 29 - (-180 - -237).
-28
What is (-55 + 11 - (4 - -3)) + -15?
-66
-112 + 95 + -53 + 148
78
Evaluate 61 + 2 + (27 - (36 + 3)) + 35.
86
Evaluate -28 + (14 - -14) + 6 + -23 + 3.
-14
What is the value of (-1 - -9) + (0 - (38 + 23 - -19 - -13))?
-85
What is (-18 + (61 - 22) - 43) + 33?
11
Calculate -15 + -6 + (115 - 25) - (12 - 4).
61
Calculate -305 + 258 + (22 - 0).
-25
What is the value of -22 + 27 + 6 + -45?
-34
46 + (2 - -16) + -27 + 26 + -20
43
What is (-37 + 96 - 39) + -19?
1
Calculate 52 + (-3 + 9 - 14) + (0 - -2).
46
90 + -54 + -256 + 220
0
Calculate (-155 - -353) + -231 + (0 - -41).
8
(-25 - 3) + (7 - (0 - -2) - (68 + -63))
-28
(-5 - 57) + 16 + -12 + 3 + 13
-42
What is (-8 + 19 + -10 + 10 + -2 - 6) + 44?
47
What is -1 - 53 - (-26 + (26 - (9 + (-22 - -18))))?
-49
What is (-35 - (-52 - -26)) + 2 + -7 - (1 + 5)?
-20
Evaluate (-3 - (5 - (-6 - -7 - 8 - -10))) + -37.
-42
Calculate (15 - (12 + -3)) + (20 - (84 + -15)).
-43
What is -3 + (-54 - -4) - -45?
-8
Evaluate -21 + (42 - 1 - (113 + 39 + -166)).
34
Calculate 1726 - 1613 - (-4 - -99).
18
Calculate (-67 - (25 - (10 - ((-3 - -2) + 0)))) + 11.
-70
-26 - (-23 + (-14 - 63))
74
What is the value of (44 - 15) + (-22 - 2 - (8 + -14))?
11
What is -88 + 95 + -31 + 17 + -2?
-9
What is the value of 5 + (16 - (19 + -13)) - -37?
52
Calculate (151 - 165 - (-91 + -14 + 7)) + 3 + 0.
87
(3 - 0) + -15 + 86 + -28 + -14
32
Calculate (14 - 17) + -58 + -28 + -5.
-94
What is the value of -77 + 67 + -20 + -22?
-52
632 - 617 - (6 + -29)
38
Calculate -4 - (35 + -24 + -21).
6
Calculate -63 - 9 - (-12 - -1) - (-3 + 18 + -28).
-48
What is -21 + -69 + 28 - (5 + (1 - (-7 + 16)))?
-59
What is the value of -56 + (-7 - 0) + (3 - (-23 - -7))?
-44
What is the value of (3 - 5) + 0 + (75 - -2) + -47?
28
(-122 - -152) + 32 + -13
49
(143 - (-26 + 19)) + -87
63
What is the value of 4 + 4 - (-25 - (29 + (5 - 23)))?
44
-87 - -15 - -43 - -23
-6
What is the value of (2 - -5) + -8 + -157 + 187?
29
Calculate -7 - (3 - 5) - (12 - 16 - 41).
40
What is (-2 - -13) + 0 + (15 - (10 - 10))?
26
1096 + -1186 - (-34 + -1)
-55
Evaluate -14 + 0 + -3 + 35 - 0.
18
Calculate -2 - (-10 + -5) - (52 + -1).
-38
Calculate -66 + 39 - -34 - 11 - 2.
-6
Evaluate 9 + -1 + 4 + -16 + 16 + -66.
-54
What is 24 + -22 + 9 - (3 + (-18 - -12))?
14
-1 + 2 + 6 + (-9 - -19) + -11 - 7
-1
What is the value of 49 - (-485 - -477 - (1 - 7))?
51
Calculate 1 - 0 - (44 + -30 + 12 + -1 + -28).
4
What is -112 + 75 - (-1 + (-1 - 4))?
-31
What is the value of 28 - ((131 - 132) + 1 + -11 + 0)?
39
Evaluate 66 + (-22 - (54 - 67)).
57
-83 - 0 - (2841 - 2855)
-69
What is 1 + -70 + (13 + -15 - 19) + 3 + 11?
-76
Evaluate -97 + 100 + -55 + 0.
-52
Calculate -12 + (27 - -1) + -10 - ((10 - -2) + -4).
-2
Evaluate (6 + 0 + -1 - (-295 + 308)) + 45.
37
What is -2 - ((4 - -1) + 4 